s divided by 91.
1
Calculate the remainder when 101 is divided by 26.
23
What is the remainder when 98 is divided by 13?
7
What is the remainder when 135 is divided by 51?
33
What is the remainder when 691 is divided by 250?
191
Calculate the remainder when 89 is divided by 86.
3
What is the remainder when 381 is divided by 193?
188
What is the remainder when 4019 is divided by 19?
10
Calculate the remainder when 230 is divided by 54.
14
Calculate the remainder when 54 is divided by 32.
22
Calculate the remainder when 186 is divided by 38.
34
Calculate the remainder when 347 is divided by 7.
4
Calculate the remainder when 29 is divided by 20.
9
What is the remainder when 52 is divided by 6?
4
Calculate the remainder when 4653 is divided by 18.
9
What is the remainder when 1880 is divided by 6?
2
Calculate the remainder when 39 is divided by 28.
11
Calculate the remainder when 222 is divided by 6.
0
What is the remainder when 3686 is divided by 5?
1
Calculate the remainder when 900 is divided by 65.
55
What is the remainder when 613 is divided by 14?
11
Calculate the remainder when 36 is divided by 12.
0
What is the remainder when 109 is divided by 16?
13
What is the remainder when 31 is divided by 11?
9
Calculate the remainder when 2863 is divided by 15.
13
Calculate the remainder when 231 is divided by 63.
42
Calculate the remainder when 566 is divided by 565.
1
What is the remainder when 113 is divided by 6?
5
What is the remainder when 1007 is divided by 84?
83
What is the remainder when 504 is divided by 46?
44
What is the remainder when 490 is divided by 17?
14
What is the remainder when 186 is divided by 39?
30
Calculate the remainder when 2574 is divided by 46.
44
What is the remainder when 189 is divided by 21?
0
What is the remainder when 209 is divided by 21?
20
What is the remainder when 79 is divided by 14?
9
What is the remainder when 2557 is divided by 628?
45
Calculate the remainder when 3169 is divided by 52.
49
Calculate the remainder when 61 is divided by 38.
23
What is the remainder when 65 is divided by 22?
21
Calculate the remainder when 389 is divided by 18.
11
Calculate the remainder when 11 is divided by 5.
1
Calculate the remainder when 104 is divided by 36.
32
Calculate the remainder when 245 is divided by 80.
5
Calculate the remainder when 882 is divided by 221.
219
Calculate the remainder when 76 is divided by 13.
11
What is the remainder when 110 is divided by 6?
2
Calculate the remainder when 1243 is divided by 104.
99
What is the remainder when 144 is divided by 29?
28
Calculate the remainder when 511 is divided by 105.
91
Calculate the remainder when 758 is divided by 82.
20
What is the remainder when 373 is divided by 109?
46
What is the remainder when 571 is divided by 82?
79
Calculate the remainder when 1649 is divided by 164.
9
What is the remainder when 5842 is divided by 34?
28
Calculate the remainder when 502 is divided by 36.
34
Calculate the remainder when 4035 is divided by 119.
108
What is the remainder when 69 is divided by 10?
9
What is the remainder when 2195 is divided by 14?
11
What is the remainder when 239 is divided by 82?
75
Calculate the remainder when 13152 is divided by 15.
12
Calculate the remainder when 439 is divided by 12.
7
What is the remainder when 136 is divided by 49?
38
What is the remainder when 2303 is divided by 460?
3
Calculate the remainder when 451 is divided by 57.
52
Calculate the remainder when 2736 is divided by 456.
0
Calculate the remainder when 377 is divided by 373.
4
What is the remainder when 50 is divided by 4?
2
What is the remainder when 119 is divided by 54?
11
What is the remainder when 2187 is divided by 106?
67
Calculate the remainder when 160 is divided by 15.
10
What is the remainder when 407 is divided by 395?
12
Calculate the remainder when 2009 is divided by 33.
29
Calculate the remainder when 880 is divided by 119.
47
Calculate the remainder when 217 is divided by 20.
17
What is the remainder when 203 is divided by 82?
39
Calculate the remainder when 96 is divided by 50.
46
What is the remainder when 210 is divided by 56?
42
What is the remainder when 416 is divided by 113?
77
Calculate the remainder when 44 is divided by 12.
8
Calculate the remainder when 453 is divided by 91.
89
Calculate the remainder when 159 is divided by 139.
20
What is the remainder when 479 is divided by 149?
32
What is the remainder when 745 is divided by 17?
14
What is the remainder when 1153 is divided by 98?
75
What is the remainder when 235 is divided by 60?
55
Calculate the remainder when 634 is divided by 71.
66
Calculate the remainder when 1034 is divided by 42.
26
Calculate the remainder when 462 is divided by 47.
39
Calculate the remainder when 134 is divided by 31.
10
Calculate the remainder when 110 is divided by 48.
14
What is the remainder when 1001 is divided by 333?
2
What is the remainder when 2620 is divided by 435?
10
Calculate the remainder when 420 is divided by 130.
30
What is the remainder when 737 is divided by 151?
133
What is the remainder when 274 is divided by 47?
39
What is the remainder when 964 is divided by 23?
21
What is the remainder when 1850 is divided by 616?
2
Calculate the remainder when 328 is divided by 300.
28
What is the remainder when 773 is divided by 772?
1
Calculate the remainder when 5379 is divided by 23.
20
What is the remainder when 153 is divided by 31?
29
What is the remainder when 188 is divided by 70?
48
What is the remainder when 1026 is divided by 87?
69
Calculate the remainder when 93 is divided by 12.
9
What is the remainder when 347 is divided by 95?
62
What is the remainder when 2373 is divided by 781?
30
What is the remainder when 8407 is divided by 10?
7
What is the remainder when 260 is divided by 38?
32
Calculate the remainder when 392 is divided by 109.
65
What is the remainder when 21 is divided by 14?
7
What is the remainder when 65 is divided by 35?
30
What is the remainder when 756 is divided by 195?
171
What is the remainder when 541 is divided by 21?
16
What is the remainder when 2837 is divided by 40?
37
What is the remainder when 302 is divided by 104?
94
Calculate the remainder when 2004 is divided by 463.
152
Calculate the remainder when 44 is divided by 28.
16
What is the remainder when 1225 is divided by 394?
43
Calculate the remainder when 3339 is divided by 8.
3
What is the remainder when 2702 is divided by 193?
0
Calculate the remainder when 2229 is divided by 72.
69
Calculate the remainder when 613 is divided by 56.
53
What is the remainder when 70 is divided by 13?
5
What is the remainder when 55941 is divided by 37?
34
What is the remainder when 785 is divided by 263?
259
Calculate the remainder when 40 is divided by 9.
4
What is the remainder when 1273 is divided by 67?
0
What is the remainder when 1966 is divided by 16?
14
Calculate the remainder when 606 is divided by 4.
2
Calculate the remainder when 265 is divided by 92.
81
What is the remainder when 635 is divided by 18?
5
Calculate the remainder when 3063 is divided by 12.
3
What is the remainder when 42353 is divided by 43?
41
What is the remainder when 167 is divided by 48?
23
Calculate the remainder when 103 is divided by 99.
4
Calculate the remainder when 275 is divided by 31.
27
What is the remainder when 169 is divided by 115?
54
Calculate the remainder when 965 is divided by 364.
237
What is the remainder when 3710 is divided by 248?
238
What is the remainder when 402 is divided by 197?
8
Calculate the remainder when 361 is divided by 61.
56
What is the remainder when 1230 is divided by 4?
2
Calculate the remainder when 111 is divided by 32.
15
What is the remainder when 1550 is divided by 363?
98
What is the remainder when 388 is divided by 101?
85
Calculate the remainder when 2355 is divided by 236.
231
Calculate the remainder when 12795 is divided by 27.
24
What is the remainder when 21 is divided by 12?
9
What is the remainder when 726 is divided by 18?
6
Calculate the remainder when 2252 is divided by 14.
12
What is the remainder when 470 is divided by 232?
6
Calculate the remainder when 168 is divided by 9.
6
What is the remainder when 3198 is divided by 14?
6
What is the remainder when 205 is divided by 52?
49
Calculat